v + 12. List the prime factors of v.
3
Let d = -1 + 4. Let b be (d/(-6))/((-1)/(-12)). What are the prime factors of (-2 + 5)/(b/(-4))?
2
Let z(l) = 2*l - 8. Let g be (-208)/(-36) - 2/(-9). Let c be z(g). Suppose c = 3*o - 2*o. What are the prime factors of o?
2
Let f(j) = -j**3 - 4*j**2 - 5*j - 4. Let h be f(-3). Suppose 5*c - 30 = -z, -5*c = -h*z + 22 + 23. What are the prime factors of z?
5
Let n = 402 - 177. What are the prime factors of n?
3, 5
Let b be -1 - -25*1 - 1. Let o be (0/2)/(6/2) + 4. Suppose o*i - b + 3 = 0. List the prime factors of i.
5
Suppose 2*b = 101 + 151. Suppose 2*x - 41 = -t + x, 3*t + 2*x = b. What are the prime factors of t?
2, 11
Let z(x) be the second derivative of -x**5/20 + x**4 - 5*x**3/2 + 15*x**2/2 + x. Let o be z(10). List the prime factors of o/6 + (-2)/(-12).
11
Let z = 568 - 349. List the prime factors of z.
3, 73
Let s(i) = -2*i - 5. Let u be s(-4). List the prime factors of 3*4/u - 0.
2
Suppose -2*j + 16 = -2*i - 6*j, 0 = 4*i + j + 4. Let k be -1*1 + 2 + i. What are the prime factors of k/(1*2/10)?
5
Let z = -88 + 129. What are the prime factors of z?
41
Let j(l) = -l**2 + 6*l + 7. Let s(k) = k**3 + 9*k**2 - k - 2. Let m be s(-9). Let b be j(m). Let y = b + 2. What are the prime factors of y?
2
Suppose -2*x + 5*i + 137 = 0, -4*x + 71 + 258 = i. Let d = -15 + x. What are the prime factors of (-4)/(-10) - d/(-10)?
7
Suppose 2 = 4*g + 2*j - 16, 4*g = 4*j + 36. Suppose 0 = -r - g - 2. Let z = r + 19. What are the prime factors of z?
11
Let v(w) = w**3 + 7*w**2 + 5*w - 4. Suppose -2*a - 16 + 4 = 0. Let z be v(a). List the prime factors of (-1 - -18) + -3 + z.
2
Let w(i) = -2*i - 2. Let c be w(-4). Suppose -n = -c*n. Suppose n*u - 12 = -2*u. List the prime factors of u.
2, 3
Let m(b) = b**3 - 16*b**2 + 16*b - 5. What are the prime factors of m(15)?
2, 5
Let i(j) = -j**2 + j - 2. Let v(p) = -6*p**2 + 6*p - 10. Let y(d) = 11*i(d) - 2*v(d). Let u be y(-3). Let t = 3 + u. List the prime factors of t.
13
Let o(t) be the first derivative of 2*t**2 - 4*t + 3. Let g be o(-3). Let h = -5 - g. List the prime factors of h.
11
Suppose 0 = -2*t - 3*i + 37, 3*t + 4*i - 48 = 2*i. List the prime factors of t.
2, 7
Let t = 1 - -2. Let q = -6 - -30. Suppose 5*i - q = t*i. What are the prime factors of i?
2, 3
Suppose 3*d + 109 = 451. List the prime factors of d.
2, 3, 19
Let o = 1 - -2. Let x = 52 + -26. Suppose 2*a = 3*y + 13, -o*a + 2*a + x = 5*y. List the prime factors of a.
11
Suppose 0 = h - 6*r + 5*r - 126, -h = -2*r - 127. List the prime factors of h.
5
List the prime factors of (-4 - (-8)/(-6))*-12.
2
Suppose -q + 2*q = b - 119, b - 129 = -4*q. Let k = -248 + 349. Suppose -4*u = d + 4*d - b, -5*d + k = -u. List the prime factors of d.
3, 7
Let j(l) = 2*l + 1. Let d be j(-3). Let h = 9 + d. Suppose 0 = v + 2 - h. What are the prime factors of v?
2
Suppose 5*l - 10*l + 315 = 0. What are the prime factors of l?
3, 7
Suppose 2*s = -0*s + 6. Suppose 2*o - s = o. What are the prime factors of o?
3
Let o be (-2)/(3 + (-1)/1). Let f(v) = -7*v. Let t be f(o). Suppose -4*s + t + 29 = 0. What are the prime factors of s?
3
Suppose -2*h + 6 = 4*z - 12, 0 = -4*z + 12. Suppose -h*i + 0*i = 0. Suppose -7*n + 2*n + 20 = i. List the prime factors of n.
2
Let x = 26 - -18. What are the prime factors of x?
2, 11
Suppose 7*u = 2*u - 430. What are the prime factors of u/(-6) + (-4)/12?
2, 7
Let i(z) = z**3 + 6*z**2 - z - 7. Let x(m) = -5*m**3 - 30*m**2 + 6*m + 35. Let v = 2 - 4. Let l(t) = v*x(t) - 11*i(t). List the prime factors of l(-6).
13
Suppose -8 + 2 = -3*r. Suppose r*w - 7 + 1 = 0. Suppose -w*d = 3*q - 21, 0*q - q = -3*d + 37. What are the prime factors of d?
11
Suppose 5*d = -0*d. List the prime factors of d + (0 - (0 - 2)).
2
Suppose -f - f = -4. Suppose f*d = g - d - 44, -4*g + d = -176. Suppose -5*r + g = -r. List the prime factors of r.
11
Let i(t) = -t + 2. Let z be i(6). Let k(o) = -o**3 - 3*o**2 + 3*o - 1. Let h be k(z). What are the prime factors of 2/h + 22/3?
2
Suppose 2*l - 25 = -3*l. Suppose l*s + u + 3*u - 9 = 0, 3*u = s - 17. What are the prime factors of s?
5
What are the prime factors of ((-21)/3)/(-2 + 50/26)?
7, 13
Let n = -94 + 179. List the prime factors of n.
5, 17
Let k be (-2)/(-5) - (-32)/20. Suppose 5*q - q + 2*j - 14 = 0, 2*j + k = 0. Suppose 13 = -3*p + 6*p - 2*o, 0 = q*p + 2*o - 36. What are the prime factors of p?
7
Let c(q) = q**2 - q - 4. Let x be c(3). Suppose -x*p + 15 = 3*p. List the prime factors of p.
3
Suppose -4*o = -3*y - 742, 5*o - 905 = 2*y + 26. List the prime factors of o.
11, 17
List the prime factors of (-632)/(-6) + -1*1/3.
3, 5, 7
Let v(l) = -l**3 - 4*l**2 - 8*l - 8. List the prime factors of v(-4).
2, 3
Suppose -5*y + 0*y - 85 = 0. Let s = -8 - y. List the prime factors of s.
3
Let f(y) = 11*y. Let b be f(-3). Let r = b + 66. What are the prime factors of r?
3, 11
Let y(s) = s**3 + s**2 - s + 5. Let c be y(0). Suppose 5 = 2*v + 5*g - 3, c*v + 50 = 5*g. List the prime factors of (-3)/(v/(-2)) + 21.
2, 5
Let w(r) = -r**2 - 5*r + 3. Let n be w(-5). Let f = 6 + -2. Suppose h - 4*p - 68 = -n*h, -58 = -f*h - p. What are the prime factors of h?
3, 5
Suppose -2 = 5*h + 3*m, 3*h + m = 2*m + 10. Let y(j) = 8*j - 1. List the prime factors of y(h).
3, 5
Suppose 4*t + 137 = 485. What are the prime factors of t?
3, 29
Suppose 31*p = 23*p + 1136. List the prime factors of p.
2, 71
Suppose 4*g - 428 = -0*a - 4*a, -a + 112 = 2*g. Suppose -2*q + 18 = -a. What are the prime factors of (-4)/14 + q/14?
2
Let d(n) be the first derivative of n**4/24 + n**2/2 - 2. Let i(p) be the second derivative of d(p). List the prime factors of i(3).
3
Suppose 2*z - 2*a - 248 = 0, 4*a = -2*z + 8*a + 242. What are the prime factors of z?
127
List the prime factors of 2/7 - (-38752)/196.
2, 3, 11
Let f(y) = -y**3 + 9*y**2 - 5*y - 4. List the prime factors of f(7).
59
Suppose 9 = -3*u, -3*t + 3*u + 75 = -0*t. What are the prime factors of t?
2, 11
Suppose -2*m + 5*w + 725 - 91 = 0, -2*m + w = -634. What are the prime factors of m?
317
Suppose 2 + 8 = 5*c, -4*y + 2*c = 4. Suppose 6*g - 8*g + 52 = y. What are the prime factors of g?
2, 13
Let f(h) = -2*h**3 - 3*h**2 - h. Let n be f(-3). Let l = 12 + n. What are the prime factors of l?
2, 3, 7
Let v(s) = -2*s**3 + 2*s**2 - 3*s + 2. Let c be v(2). What are the prime factors of (-2)/(-2 + 4) - c?
11
Let u(a) = 5*a + 4. Let h be u(-6). Let r = h + 62. What are the prime factors of r?
2, 3
What are the prime factors of ((-2840)/9)/(-2) + (-28)/(-126)?
2, 79
Let s = -23 - -45. Suppose c = -3 + s. What are the prime factors of c?
19
Suppose 131*g - 126*g = 300. List the prime factors of g.
2, 3, 5
Let a = 0 + -4. What are the prime factors of a/(5/((-75)/6))?
2, 5
Suppose -c + 26 = 5*l + c, l = -2*c + 10. Suppose -k = 5*y - 2*k - 59, 4*k + 60 = l*y. List the prime factors of y.
11
Let d = -32 - -95. What are the prime factors of d?
3, 7
Suppose -4*g = 5*x - 124, -x + 0*x - 3*g + 27 = 0. Let s(d) = -2*d + 3. Let b be s(-5). Let k = x - b. What are the prime factors of k?
11
Suppose -27 = 5*t + 8. Let x be (t/(-14))/(2/12). Suppose i = 23 - x. List the prime factors of i.
2, 5
Let q(x) be the first derivative of -4*x - x - 2*x + 4 + x**2 + 2*x. What are the prime factors of q(6)?
7
Suppose z - w = -6, -3*z - 1 = -5*w + 25. Let j be 1*((0 - -2) + z). What are the prime factors of j + (-1 - -2) + 7?
2
Let o(w) = -2*w + 8. Let d(z) = 3*z - 12. Let x(r) = -5*d(r) - 7*o(r). Let g be x(12). List the prime factors of 117/7 + g/(-28).
17
Suppose -3*b - 2*p = -p + 718, 0 = 5*b + 5*p + 1210. What are the prime factors of 8/(-36) + b/(-18)?
13
Suppose -6*n + n + 25 = 0, 5*m - 5*n + 5 = 0. Let z = -14 + 31. Suppose -4*l + 0*v - v = -23, -m*v + z = l. List the prime factors of l.
5
Suppose 1670 - 311 = 9*w. What are the prime factors of w?
151
Let p = 179 - 110. Suppose 3*w = 6*w - p. List the prime factors of w.
23
Let a(f) = -4*f**2 - 3*f**2 + 2 - f + 6*f**2. Let r be a(4). What are the prime factors of 296/36 + 4/r?
2
Let u(c) = -c**2 + 17*c - 11. What are the prime factors of u(9)?
61
What are the prime factors of (-2)/(4/(-438)) + (-6 - -7)?
2, 5, 11
Suppose -4*o + 34 + 10 = 3*u, -5*o - 120 = -5*u. What are the prime factors of u?
2, 5
Let v = 190 + -105. List the prime factors of v.
5, 